 o be ((-1335)/20)/(2/(-8)). Suppose -5*u = 2*f - o, 2*u + 458 = 3*f - 2*u. Let j = f - 47. What are the prime factors of j?
3, 11
Suppose 2*s + 4*w - 62734 = 0, -4*s - 61*w + 59*w = -125420. What are the prime factors of s?
107, 293
Let p(d) = -26*d + 11. Let r(o) = o**2 - 11*o - 16. Let j be r(10). List the prime factors of p(j).
3, 229
Let a be (-3 + -1)*1 - 2*-29. Suppose 810 = -44*t + a*t. What are the prime factors of t?
3
Let j = -53 + 60. Suppose -3*s + 514 = -2*v, -1 = -2*v + j. List the prime factors of s.
2, 3, 29
Let m(l) be the second derivative of l**5/20 - l**4/12 + l**3/6 - l**2/2 + 23*l. Let v be m(2). What are the prime factors of ((-6420)/(-16))/v + 9/12?
3
Suppose -21*c + 729308 = -3*c + 23*c. List the prime factors of c.
2, 4447
List the prime factors of (235794/(-117)*18/(-20))/(2/20).
2, 3, 3023
Let y(n) be the first derivative of n**6/40 + n**5/40 + n**4/12 - 4*n**3 + 11. Let j(h) be the third derivative of y(h). What are the prime factors of j(3)?
2, 23
Suppose 134*q - 129*q - 55 = 0. Suppose -q = 2*u - 717. What are the prime factors of u?
353
Let d be 3 + (220 - (8/(-4) + 0)). Let v be (8/(-2))/((-30)/d). What are the prime factors of (v/(-8) - -4) + (-31)/(-4)?
2
Suppose -15*n + 38*n - 17*n - 172836 = 0. List the prime factors of n.
2, 3, 4801
Let j(r) = -12*r**3 - 5*r**2 + 6*r + 2. Let a be j(2). List the prime factors of 16/(9 - 5) - a.
2, 53
Suppose 5*t + 63 = 8*t. Let s = 27 - t. What are the prime factors of ((-20)/s)/((-19)/798)?
2, 5, 7
Let y be (-4)/7 - (96/(-21) + 4). Suppose 4*o - 2*k + 3*k - 2473 = y, -5*o - 5*k + 3095 = 0. List the prime factors of o.
2, 3, 103
Let d(w) = -5*w + 1. Let y be d(0). Suppose -4*j + 615 + 2429 = -4*x, -y = x. Let g = j - 534. What are the prime factors of g?
2, 113
Suppose -v + 4*d = -2341, -213*v + 4*d = -211*v - 4702. What are the prime factors of v?
3, 787
Let z = 23332 - 12581. List the prime factors of z.
13, 827
Let v(p) = 76*p - 40. Let f be v(14). Suppose -4*m = -f - 24. What are the prime factors of m?
2, 131
Let m be 6/(-15) + (-246)/10. Let q be (-2665)/m - (-2)/5. Suppose 3*s + q = 4*s + 5*i, -5*s - 5*i = -595. List the prime factors of s.
2, 61
Let z be 1/(-5) + (-11667)/15. Let y = z - -1096. List the prime factors of y.
2, 3, 53
Let d(j) = 44*j**3 - 2*j**2 - 5*j + 14. Let c be d(6). Suppose 0 = 33*g - 22*g - c. List the prime factors of g.
2, 107
Suppose 0 = 6*i - 17 - 121. Let k(d) = -d**2 + i*d + 20 - 4*d - 9. List the prime factors of k(16).
59
Let a be (-69 - -63) + 4/1. List the prime factors of a/22 - 207961/(-187).
2, 139
Suppose o + 3*o = -32. Let n be ((-330)/o)/((-39)/(-416)). Suppose f + n = 6*f. What are the prime factors of f?
2, 11
Let x(s) = -5*s**3 + 17*s**2 + 169*s - 8. List the prime factors of x(-10).
2, 41, 61
Suppose -2*v - 2434 = -3*v. Suppose 3*p = 2*m + 1076, v - 650 = 5*p - m. Suppose 0*y = 4*y - p. What are the prime factors of y?
89
Let y(c) = c**2 - 6*c - 45. Let g be y(-4). What are the prime factors of (4/(-6))/(g - (-58912)/11784)?
2, 491
Let g = 36 - -45. Suppose -4*x - w = -83 - 49, -5*x + 5*w = -140. Let d = g - x. What are the prime factors of d?
7
Let l = -5723 + 6000. What are the prime factors of l?
277
Suppose 10*s = -3*s - 31312 + 222269. What are the prime factors of s?
37, 397
Let n(f) = 2005*f - 282. What are the prime factors of n(6)?
2, 3, 11, 89
Suppose -9*n + 19819 = 3205. What are the prime factors of n?
2, 13, 71
Let q = -20437 + 25068. List the prime factors of q.
11, 421
List the prime factors of ((-3062810)/(-427))/(4/14).
5, 5021
Let z = 57 + -27. Let k = 258 + z. What are the prime factors of k?
2, 3
Let v = -30 - -35. Suppose 5896 = -v*s + 16*s. What are the prime factors of s?
2, 67
Let o = 163 - -246. Let z be o*1 + 0/(-19). Let s = -241 + z. List the prime factors of s.
2, 3, 7
Let t be (16/(-40))/((-1)/15). Let k(h) = 11*h**2 + 33*h - 9. What are the prime factors of k(t)?
3, 5, 13
Let h(b) = 10*b + 8*b**2 - 21 - 16*b**2 + 2 + 10*b**2. Let y be h(4). Let r = 65 - y. What are the prime factors of r?
2, 3
Let t(u) = -18*u - 100*u**2 + 56*u**2 + 57*u**2 - 1. List the prime factors of t(7).
2, 3, 5, 17
List the prime factors of 4 + 0 + -2 + (3 - -5529).
2, 2767
Let s(f) = 7*f**2 + 53. Let l be s(-10). Suppose 3*r = -0*b - 2*b + l, -3*r - 390 = -b. List the prime factors of b.
3, 127
Let r(o) = 47*o**2 - 3*o + 1. Let i(x) = -x - 2. Let v be i(-4). Let a be ((-8)/(-16))/(1/v). List the prime factors of r(a).
3, 5
Let l(m) = 3*m + 23. Let p be l(-7). Suppose 0 = -8*r + p*r - 36. Let w(i) = i**3 + 14*i**2 + 5*i + 3. What are the prime factors of w(r)?
3, 29
Let g = 75 + 11. Let s = g - 81. List the prime factors of -194*(s/(-10) - 0).
97
Let x = 57126 + -38939. List the prime factors of x.
13, 1399
Suppose -276*p + 527580 = -258*p. What are the prime factors of p?
2, 3, 5, 977
Suppose -6*w = 3260 + 508. Let d = -256 - w. List the prime factors of d.
2, 3, 31
What are the prime factors of (1304/(-1630))/(2671/(-6675) + 4/10)?
2, 3, 5, 89
Let u(w) = 17*w + 82. Let a be u(7). Suppose 8*p - 1719 - a = 0. What are the prime factors of p?
2, 3, 5
Let k(q) = q**3 + 16*q**2 - 10*q - 17. Let d be k(-15). Suppose -2*w = -0*w - d. Suppose w = 2*b - 291. List the prime factors of b.
5, 47
Let y(j) = 16*j**2 - 38*j + 6. Let a be y(4). Suppose -a + 796 = 2*b. List the prime factors of b.
7
Suppose -p = 2*g - 6504, 26*g + 15 = 29*g. What are the prime factors of p?
2, 17, 191
Let s = 1 + 215. Suppose 4*y + 299 = 2*c - 115, 0 = c - 5*y - s. What are the prime factors of c?
3, 67
Let i be (-14*29/1015)/(4/(-70)). Suppose 3*n + 218 = 5*n. Suppose -n = -i*o + 220. List the prime factors of o.
47
Let j(z) be the first derivative of -z**4/12 + 29*z**3/2 + 7*z**2/2 - 37. Let b(r) be the second derivative of j(r). What are the prime factors of b(-25)?
137
Suppose -4*m + 3*l + 325837 = 0, m - 35368 = 2*l + 46085. What are the prime factors of m?
81463
Let l = -5524 - -21801. What are the prime factors of l?
41, 397
Let q(l) = l**2 - 20*l + 18. Let d be q(20). Suppose d*r - 1281 - 4047 = 0. What are the prime factors of r?
2, 37
Suppose 87*z + 5970 = 82*z. Let n = z + 1672. List the prime factors of n.
2, 239
Let b(r) = r - 2. Let q be b(6). Suppose -5*j + q*o = o - 861, j - 165 = 3*o. Suppose p - 3*d - 35 = 0, p - 5*d + j = 5*p. List the prime factors of p.
41
Suppose 7*v - 3*v - 20 = 0, -n + 5*v = 21. Suppose n*t + 25 = 9*t. Suppose -t*w = 3*h - h - 157, 2*h - 3*w - 117 = 0. List the prime factors of h.
2, 3, 11
Suppose -33 = -3*s - 27. Let m be (4 - -3) + 2 - s. List the prime factors of ((-3196)/m)/(-4) + (-5)/35.
2, 3, 19
Let q(a) = 10*a - 6. Let o(i) = i**2 - 5*i + 16. Let y(w) = -w**2 + 4*w - 16. Let k(c) = -5*o(c) - 4*y(c). Let n be k(6). List the prime factors of q(n).
2, 7
Suppose 60*j + 5734 = 62*j. Let v = j + -2036. What are the prime factors of v?
3, 277
List the prime factors of 145968/10 - 26/(-130).
11, 1327
Let k be 0*(1/4)/(-22 + 21). Suppose i = -b + 4, -3*i - b - b + 12 = k. List the prime factors of i.
2
Let f = 23164 + -15115. What are the prime factors of f?
3, 2683
Suppose 2*j + 0*j = -y + 9, -j = 5*y. Suppose 3*z + m - 3449 = 0, j*z = 2*m - m + 5751. What are the prime factors of z?
2, 5, 23
Let w = 7544 - 4107. Suppose 5*t - 4*g - 1204 = w, -5*g = -t + 945. List the prime factors of t.
5, 37
Suppose -4*x + 2*x - 2*g + 4 = 0, 0 = 5*x - 3*g - 2. Let j(o) = -x + 5*o**3 + 17*o**2 - o**3 + 4 - 3*o**3 + 22*o. What are the prime factors of j(-15)?
3, 41
Let l be (-6)/9 + -2*(-55)/30. Let x be (-13)/l*1*-9. List the prime factors of 2 - -1 - (0 + x*-3).
2, 3, 5
Suppose -5*v - 3*h + 9*h = -32247, -3*v - h + 19339 = 0. List the prime factors of v.
3, 7, 307
Let x(u) = -2509*u + 1131. What are the prime factors of x(-12)?
3, 13, 89
Let v(j) = 211*j + 27. Let c be v(5). Let q = -662 + c. List the prime factors of q.
2, 3, 5, 7
Let v = 5165 - 3652. Suppose -65*u + 22732 + v = 0. List the prime factors of u.
373
Let z(j) = j**3 - 6*j**2 - 2*j - 4. Let r be z(6). Let b(n) = 8 + 3 - 2*n - 28 + 2 + 10. What are the prime factors of b(r)?
3
Let b = 2450 - 820. List the prime factors of b.
2, 5, 163
Suppose -30*w + 20112 = 4*k - 29*w, -2*k + 10054 = w. List the prime factors of k.
47, 107
Let k(r) = 42*r - 11. Let z be k(4